hen 41 is divided by d?
13
Let t(q) = 52 + 43*q**3 - 44*q**3 + 47*q - 3*q**2 + 23*q**2. Calculate the remainder when t(22) is divided by 63.
55
Let a = 374 + -358. What is the remainder when (-3)/(48/(-40))*a is divided by 30?
10
Let f be (6/4)/(18/5844). Let j = f - 426. Calculate the remainder when 730 is divided by j.
59
Let x be 5/(-10) - 4836/24. Let p = -108 - x. Calculate the remainder when p is divided by 17.
9
Let r = 1 + -9. Let y(z) be the third derivative of -z**5/60 - 13*z**4/24 - 4*z**3/3 - 4*z**2 - 3. What is the remainder when y(r) is divided by 7?
4
Suppose 9 + 7 = -4*a, -c + 5*a + 79 = 0. Suppose -2 + 26 = -4*u. Let k(p) = p**2 + 6*p + 12. What is the remainder when c is divided by k(u)?
11
Let d be 1 + -3 + 20/5. Suppose -d*v - a = -24, -2*v + 22 = v + 5*a. Let m = -8420 - -8515. Calculate the remainder when m is divided by v.
11
Let m = 568 + -96. Calculate the remainder when m is divided by (-39)/26*(274/(-15) + 60/(-150)).
24
Let i be 74*(52/(-8) - -7). Suppose i*p - 1424 = -55. Calculate the remainder when p is divided by 19.
18
Let j(f) = -f**3 - 30*f**2 + 62*f - 45. Calculate the remainder when 86 is divided by j(-32).
10
Let l(n) = -n**3 + 6*n**2 + 8*n + 4. Let r be l(7). Let p = -9 + r. What is the remainder when (-9)/(-2)*(-3)/((-54)/8) is divided by p?
0
Suppose -5*p - u = -3*p - 120, -4*p - u = -242. Let x = 1299 - 1270. Calculate the remainder when p is divided by x.
3
Let s = 200 + -200. Suppose s = -11*t + 810 - 150. What is the remainder when t is divided by 7?
4
Suppose 49 = 57*d - 122. Calculate the remainder when 358 is divided by d.
1
Suppose -177 = -5*a + 21*m - 23*m, 5*a - 3*m = 172. Let v = -55 - -121. Calculate the remainder when v is divided by a.
31
Let p(l) = 303*l - 1198. What is the remainder when 121 is divided by p(4)?
9
Calculate the remainder when 53 is divided by -1 + -1 + 42 + 2 - -1.
10
Let i = 10 - 6. Suppose 0 = -i*m + 68 + 120. What is the remainder when 186 is divided by m?
45
Let a(c) = -c**3 + 58*c**2 - 124*c + 708. Calculate the remainder when a(56) is divided by 36.
0
Suppose -2*q - 4 = -84. Suppose -2*l + 670 = 3*d + 603, 2*d - 2*l - 18 = 0. Calculate the remainder when q is divided by d.
6
Suppose 0 = -2*q - 2*q - 8. Let u(x) = -31*x. Let l be u(q). Let t = l + -52. Calculate the remainder when 36 is divided by t.
6
Let h(r) = -39*r - 3150. Let t be h(0). Calculate the remainder when (t/300)/(2/88*-3) is divided by 4.
2
Let v = -332 + 344. Suppose -4*a - 5*s = -0 - 104, -v = 3*s. Calculate the remainder when a is divided by 19.
12
Suppose -c = 27 + 47. Let r = -63 - c. What is the remainder when 83 is divided by r?
6
Suppose r = 10*r - 5 + 23. Let n(m) be the second derivative of -35*m**3/2 + 9*m**2/2 - 2*m. What is the remainder when n(r) is divided by 44?
43
Let w = -16937 + 17031. Calculate the remainder when 892 is divided by w.
46
Suppose 0 = 4*v - 4*w - 24, -3*w = 2*w + 20. Let g(n) = n**3 + 3*n**2 - 3*n. Calculate the remainder when 12*(64/40 + (-4)/(-10)) is divided by g(v).
10
Let k = -4428 - -4435. Calculate the remainder when 3294 is divided by k.
4
Let i = -5219 - -5289. What is the remainder when 2795 is divided by i?
65
What is the remainder when 300 is divided by (3 + -1)*-1*(-67)/(5226/2886)?
4
Let y(s) = -s**3 + 40*s**2 - 30*s - 176. Calculate the remainder when 499 is divided by y(39).
149
Suppose -31*s = -35*s - b + 45, 4*b = 2*s. Suppose 3*w - 5*l = 115, -2*l - 99 = -3*w + s. Calculate the remainder when w is divided by 3/6 + (-25)/(-2).
9
Let w(p) = p**3 + 27*p**2 - 58*p. Let b be w(-29). Suppose b = -5*q + 130 - 30. Calculate the remainder when q is divided by 4.
0
Suppose 211 = -36*x + 1075. Suppose -x*n - 130 = -466. What is the remainder when 38 is divided by n?
10
Suppose -j - 2*c + 93 = -33, -4*j - c + 469 = 0. Calculate the remainder when 538 is divided by j.
74
Suppose 0 = -5*q + 3*a + 11, -2*a - 18 = -3*q - 4*a. Calculate the remainder when 86 is divided by q.
2
Let m be (-2 - (-4 - -2)) + 7. Let v = 4503 + -4501. Suppose -2*y - m = 3, -2*b - v*y = 2. Calculate the remainder when 6 is divided by b.
2
Suppose 0 = 4*v + 2*c - 310, 3*v - 2*c - 3*c = 213. Let q be (3/2)/((-12)/(-80)). Calculate the remainder when v is divided by 256/q + 8/20.
24
Let c be (-14)/(12 - 17 - (-39)/9). Let a = -7 - -10. Calculate the remainder when c*(-2)/(-2) - (-14 + 9) is divided by a.
2
Let f(k) = 3*k**3 - 530*k**2 + 352*k + 68. Calculate the remainder when 598 is divided by f(176).
54
Let u(f) = f**3 - 6*f**2 + 3*f + 2. Let y be u(5). Let x(r) = 16 - 8*r**2 - 80*r - 2*r**3 + r**3 + 77*r. Calculate the remainder when 155 is divided by x(y).
35
What is the remainder when 2375 is divided by 345 + (50/125 - (-74)/(-10))?
9
Let q = -2120 - -2122. Let s = -167 - -305. Suppose -p + s = q*p. What is the remainder when p is divided by 8?
6
Let g be (4/(-5))/((-12)/(-30)). Let j(l) = -11*l**3 - l**2 - 5*l - 5. Calculate the remainder when j(g) is divided by 27.
8
Let f = 109 + -327. Let y be 48/(-112) - f/(-14). Let r = 25 + y. What is the remainder when 22 is divided by r?
4
Suppose -1 = 11*m - 45. Suppose m*t - 13*t = -297. Let r = -11 + 28. What is the remainder when t is divided by r?
16
Suppose -8*x + 99 = -5*x. Let w(r) = -r**3 + 10*r**2 - 6*r - 13. Calculate the remainder when x is divided by w(9).
5
Suppose -6*a - 131 = -378 + 139. Suppose -207 - 43 = -5*f. Calculate the remainder when f is divided by a.
14
Let a = 24842 - 24771. Calculate the remainder when 1774 is divided by a.
70
Let d be -1*(1 - 0)*0. Suppose -2*k + 3*k - 21 = d. What is the remainder when k is divided by (-544)/612 - 1206/(-81)?
7
Let g(h) = -16*h + 16. Let s be g(1). Suppose -15*m + 10*m + 280 = s. What is the remainder when 157 is divided by m?
45
What is the remainder when 1187 is divided by -507*(114/(-18) + 6)?
4
Suppose 96 = -4*g + 7*g. Let t be (9 - 11)/((-2)/48 - 0). Calculate the remainder when 9 + 0 - 4 - (-5 - t) is divided by g.
26
Let l(s) = s**3 + 8*s**2 - s - 4. Let v be (120/36)/((-4)/6). Let d be l(v). Suppose -54*t = -52*t - d. Calculate the remainder when t is divided by 12.
2
Suppose -28*k = -30*k. Suppose 9*o - 466 - 911 = k. Suppose -2*r = -0*a - 3*a - 43, 0 = a - 3. Calculate the remainder when o is divided by r.
23
Suppose -4*o + 9*d + 185 = 0, 3*d + 49 = -o + 48. Suppose 0 = -2*z - z + 219. Calculate the remainder when z is divided by o.
21
Let s(f) = f**3 + 11*f**2 + 19*f + 9. Let m be s(-9). Suppose m = 585*b - 586*b + 34. Calculate the remainder when 165 is divided by b.
29
Calculate the remainder when 1383 is divided by 0 - 3*(-3 - 26).
78
Let v(a) = -150. Let z(s) = -s + 50. Let o(w) = 3*v(w) + 8*z(w). Let t(d) = d**3 + 6*d**2 + 3. What is the remainder when o(-16) is divided by t(-5)?
22
Suppose -151*l + 147*l = -4680. Suppose 12*n - l = -3*n. Calculate the remainder when n is divided by 22.
12
Suppose n = 5*r + 47, -2*n + 4*r + 256 = 3*n. Suppose 51*l - 15*l = 18*l + 2592. Calculate the remainder when l is divided by n.
40
Suppose -4*u = -3*r + 144, -2*r - 15*u + 98 = -17*u. What is the remainder when 660 is divided by r?
36
Suppose -245*m + 45 = 5*x - 246*m, m = -2*x + 11. What is the remainder when 209 is divided by x?
1
Suppose 2*g = -4*a + 686, -5*g = -4*a + a - 1702. Suppose 5*l + g = 4*k, k - 5*l - 10 = 94. Let v = 82 - k. Calculate the remainder when 10 is divided by v.
1
Suppose -4*u + 22 = -2*x, 37 - 11 = 5*u - 2*x. Suppose 2*m - 228 = -u*m. Calculate the remainder when m is divided by (21/15)/(1053/130 + -8).
10
What is the remainder when 69 is divided by (5 + 188/(-12))*(-51)/34 - 1?
9
What is the remainder when 8851 is divided by -7 - (((-4675)/5)/11 - -6)?
67
Calculate the remainder when 412 is divided by -14*(2 - -3 - 214/14).
124
Let x(y) = 10*y**2 + 4*y. Suppose 0 = -7*j + 10*j - 4*s + 6, 5*j - 13 = -s. Suppose -j*h + 43 + 27 = 0. Calculate the remainder when x(3) is divided by h.
32
Suppose 232 = 23*k - 55 - 12. Calculate the remainder when 25 is divided by k.
12
Let o be (-4)/26 + 112/52 + 1. Suppose o*m - 4*t = 10, -4 = 4*t - 0*t. Let a = m - -15. What is the remainder when 63 is divided by a?
12
Let d = -112 + 117. Let j(g) be the third derivative of 5*g**4/24 + 5*g**3/6 + 2*g**2. Calculate the remainder when j(d) is divided by 12.
6
Let y(v) = -